l(a) = 61*a**3 - 6*a**2 - 4*a - 2. Let z(m) = 5*l(m) + 4*u(m). Give z(6).
2
Let a(l) be the third derivative of -l**6/120 - 7*l**5/60 - l**4/24 + l**3/3 + 234*l**2. Let m(k) = k**3 + 7*k**2 - 3. Let z(h) = -3*a(h) - 2*m(h). Give z(-7).
-21
Let a(b) = -18 - 2*b**3 - 764*b**2 - 780*b**2 + 16*b + 1575*b**2. What is a(16)?
-18
Let u(r) = 4459 - 8934 - 8*r + 11*r + 4452. What is u(-6)?
-41
Let n(u) = -u**3 + 4*u**2 + 2*u + 7. Let q(o) = 2*o**2 - 11*o - 1. Suppose 3*s - l - 47 = 39, 4*l + 112 = 4*s. Let m = s + -23. Let k be q(m). Determine n(k).
-8
Let z = 234 + -226. Suppose -5*f = -3*c + 2, 2*f = 5*c - 8 - z. Let g(k) = k + 0*k + k. Calculate g(c).
8
Let z(o) be the first derivative of o**6/120 + o**5/20 - o**4/6 - o**3/6 - 73*o**2 + 175. Let x(d) be the second derivative of z(d). Calculate x(-3).
11
Let i be 20/(-6)*3/(-2). Suppose 2*y + i = 7. Let s(a) = a**2 + 2*a - 1. Calculate s(y).
2
Let r(w) = 2*w + 1. Suppose -15*h = 2*h - 34. Suppose 5*z = 3 + h, 0 = -2*l - 3*z - 1. Give r(l).
-3
Let r(b) = -20*b + 31. Let f(u) = 103*u - 160. Let z(m) = -6*f(m) - 31*r(m). What is z(0)?
-1
Let t(v) be the second derivative of -v**5/10 - 19*v**4/12 + 11*v**3/6 - 9*v**2 + 3387*v. Calculate t(-10).
-28
Let j = -817 - -817. Let m(c) = -c**3 - 3*c**2 + 4*c + 7. Let w(a) = -a**2 + a - 2. Let d(t) = -m(t) + 3*w(t). Calculate d(j).
-13
Let n = -2776 - -2785. Let a(v) = 25*v - 232. Determine a(n).
-7
Let v(r) be the second derivative of r**5/60 + r**4/3 - 4*r**3/3 + 103*r**2/2 - 370*r. Let h(p) be the first derivative of v(p). Let c be (-1)/1*9/1. Give h(c).
1
Let p(m) = 85 + 87 - 26*m - 337 + 19 + m**2 + 57. What is p(29)?
-2
Suppose -223*d - 306 = -241*d. Suppose 0 = 3*a - 1 - d. Let f(x) = -x - 4. Calculate f(a).
-10
Suppose 540 = -5*l - 0*l. Let w be (1/2)/(6/l). Let y be (-6)/w*12/8. Let k(i) = 8*i**3 - i**2 - i + 1. What is k(y)?
7
Let z be (-2)/(-3) + ((-261)/27 - -11). Suppose 4*m = z*j - 8, -2*j + 2*m + 6 = 8. Let k(i) = 2*i. Calculate k(j).
-12
Suppose 28*y = 18*y + 20. Suppose -4*a + 1 + 3 = 0. Let t(m) = 6*m**y + 6*m - a + 0*m - 9*m + m. Calculate t(-1).
7
Let c(y) = -2*y + 2*y**2 + 11 + 23*y - 2*y. Let f be c(-9). Let k(h) = -4*h**2 - 4 + 3*h + h + 7*h**2 - 4*h**f. What is k(3)?
-1
Let a(z) = 12 + 179 - 32*z + 33 - 41. What is a(6)?
-9
Let t(x) = 2*x**2 - x + 1. Let u be t(2). Suppose -31*g + 18*g = -26. Let o(a) = 8*a + 8*a - 12*a - 9 - g*a. What is o(u)?
5
Let r(t) = t**3 + 12*t**2 - 6*t + 32. Let l(g) = -3*g**3 - 25*g**2 + 9*g - 66. Let i(k) = -2*l(k) - 5*r(k). Calculate i(9).
-1
Let o be 5 + (1090/90 - (-2)/(-18)). Let w(k) = -42*k + k**3 + 19*k + 12*k - 9*k**2 + 2 + o*k. What is w(8)?
-14
Let c(z) = -14 + 28 + 0*z**2 - 17 - z**2 + 3*z. Suppose -g + 3 = -2*r + 6, -g = -r. Calculate c(g).
-3
Let b(o) = o + 1. Suppose -3*q = 2*g + 352 - 362, -q = -4*g + 20. Suppose -2 = 4*x + 6. Let v = x - q. What is b(v)?
-1
Let k = -9 + 3. Let m(d) be the first derivative of -2*d - 1/2*d**2 - 19. What is m(k)?
4
Let l(k) = 9*k + 7. Let r = -14661 - -14652. Calculate l(r).
-74
Let v(h) = -5 - 6 - 159*h + 154*h. Suppose -5*r + 9*r - 4 = 0. Let x(l) = -l - 2. Let b(g) = r*v(g) - 4*x(g). Give b(-5).
2
Let a(y) = y**2 + 2*y - 4. Let p(q) = 13*q**2 + 10*q - 21. Let t(n) = 5*a(n) - p(n). Calculate t(1).
-7
Let j be -6 + ((1680/(-8))/(-10))/(-3). Let a(h) = -3*h**2 - 39*h + 9. Calculate a(j).
9
Let j(c) = 2*c**3 + 106*c**2 - 333*c + 160. Let v be j(-56). Let m(a) = -a**3 - 9*a**2 - 7*a - 20. Give m(v).
-28
Let r(b) = b**3 + 11*b**2 + 6. Suppose -8*h = 10*h - 36. Suppose 0*k - h*m = -k - 7, 0 = -3*k - 2*m - 37. Give r(k).
6
Let x(i) = i**2 + 2*i + 4. Let k(t) = 2*t**2 - 4*t - 4. Let r be k(4). Suppose -5*g = 2*m - 11, 5*m - 13 = 14*g - r*g. Calculate x(m).
19
Let h(z) = z**2 - 13*z - 35. Let w be h(26). Let j = 304 - w. Let g(q) = -4*q**3 - 2*q**2 + 2*q - 1. Give g(j).
-5
Let a(t) be the third derivative of t**6/20 - t**5/30 - t**4/8 - t**3/6 - 5*t**2. Let h be a(-1). Let s(u) = 34 + u**2 + 4*u - 54 + 27. What is s(h)?
19
Let u(i) be the third derivative of i**4/8 + i**3/6 - 48*i**2. Let x = -87 - -96. Let r be 20/x + (-26)/117. Calculate u(r).
7
Let j(p) = -p + 16. Let m be j(14). Suppose 0 = -5*r + m*r + 3. Let q(s) = -7*s - 1. Calculate q(r).
-8
Let u(d) = -483*d**3 - 3*d + 2. Let o be u(1). Let h = o + 487. Let l(f) = 4*f + 1. Determine l(h).
13
Let k(h) = -6*h + 30. Let z be (-93)/(-12) + (-27)/36. Determine k(z).
-12
Let x = -28 + 33. Let a(h) = 171*h - 40*h + 12 - 49*h - 45*h + h**2 - 43*h. Calculate a(x).
7
Let i(y) = 0 + y**2 - 7*y + 2 + 1. Let a(q) = -q**2 - 1739*q - 37767. Let g be a(-22). Give i(g).
3
Let w(l) = l**3 - 36*l**2 + 37*l - 76. Let p be w(35). Let a be (4 - 12/(-1)) + p. Let j(x) = -x**2 + 8*x + 9. Calculate j(a).
-11
Let i(k) = 3553*k + 3614*k + 421 - 7114*k. What is i(-8)?
-3
Let u(h) be the first derivative of -3*h**2/2 - 26*h + 2. Let f = -225811 - -225805. Calculate u(f).
-8
Let g(x) be the first derivative of -3*x**2/2 + 19*x - 3732. What is g(10)?
-11
Let s(i) = i**2 + 8*i + 7. Suppose c = 2*v - 6 - 14, 0 = 5*v + 2*c - 41. Let k be (v/3)/((-6)/10). Calculate s(k).
-8
Suppose 10*r - 121 = -11. Let l be (-154)/r - -9 - (-1 + 1). Let g(b) = -b**2 - 5*b + 3. What is g(l)?
3
Let s(f) = 5*f**3 + f + 2. Let v(q) = -33*q**3 + 2*q**2 - 8*q - 15. Let n(o) = -6*s(o) - v(o). Give n(-2).
-33
Let q(k) = -7*k + 3. Let g = 4074 - 4075. What is q(g)?
10
Let g(j) = -1. Let a(l) = -l**2 + 9*l + 28. Let b(x) = a(x) + 6*g(x). Let c be b(10). Let s(z) = z - 8. What is s(c)?
4
Let o(s) = 10*s + 40. Suppose 834*k - 830*k - 30 = 2*w, -4*w - 3*k - 5 = 0. Calculate o(w).
-10
Let g(c) = -c**2 - c - 1. Let h(d) = d**2 + 3. Let b(m) = -2*g(m) - h(m). Let w = 63 - 61. Suppose -23 = 7*t - w. Calculate b(t).
2
Suppose a + 43 = 4*w + 92, 5*w = 3*a - 63. Let v(h) = -2*h - 26. What is v(w)?
-2
Suppose 0*g = g + 60. Suppose 146*u = -2*t + 148*u - 14, -9 = -3*u. Let s be t*35/g*3. Let j(x) = -x**2 + 6*x + 1. Determine j(s).
-6
Let p(w) = -3*w**2 - 104*w + 10. Let v(d) = 4*d**2 + 128*d - 9. Let a(m) = 5*p(m) + 4*v(m). Calculate a(6).
2
Let f(o) = -7*o + 1. Suppose -a - 90 = -b, -4*b + 354 = -0*b - a. Suppose -87 = -t - b. Calculate f(t).
8
Suppose 4002*x + 36 = 4000*x. Let a(j) = -j**2 - 20*j - 22. Give a(x).
14
Let z(j) be the first derivative of -1/8*j**4 + j**3 + 0*j**2 - 18 + 0*j - 1/20*j**5 - 1/360*j**6. Let u(q) be the third derivative of z(q). Give u(-3).
6
Let l(v) = v**2 + 6*v. Let r be ((-8)/(-18))/((-8)/(-36)). Suppose -x - 3*y = 12, -5*x - 83 = -y - 7. Let n be 2/6*(r + -1)*x. What is l(n)?
-5
Suppose 20*p + 758 = 858. Let y(a) = a**3 - 4*a**2 - 3*a - 8. Calculate y(p).
2
Let o(s) = 210*s - 2*s**2 + 215*s - 421*s - s**3. Calculate o(-4).
16
Let a(g) be the third derivative of g**6/120 + 7*g**5/60 + 7*g**4/24 + g**3/2 + 2*g**2 - 3. Suppose 0*m - 4*m = 44. Let t = m - -5. What is a(t)?
-3
Let u = 5469 + -5472. Let z(v) = -2*v**2 + 43*v + 137. Determine z(u).
-10
Let p be (-268)/(-34) - 30/(-255). Let a(u) = -u**2 + 2*u**2 + 29*u - 28*u - p + 9*u. Calculate a(-9).
-17
Let q be 340/(-272) - 23442/(-8). Suppose -q*c = -2931*c - 8. Let u(j) = j + 2. Determine u(c).
-2
Let a(w) = -w**3 - 11*w**2 - 19*w - 82. Let n = -5482 - -5472. What is a(n)?
8
Suppose -g - 2*t - 13 = 0, 0 = -3504*g + 3509*g - 2*t - 31. Let s(b) be the second derivative of b**4/12 - 3*b**2/2 - b. What is s(g)?
6
Let c be -6 - (-12 - ((-10 - -3) + 3)). Let l(g) = -3*g**2 - 7*g + 19. Determine l(c).
-7
Let m(o) = -o**3 + 6*o**2 + o - 1. Let v be m(6). Let k(f) = -27*f - 5*f**2 + 3*f**2 - 20*f + 7 - 33*f + 85*f. Determine k(v).
-18
Let o(v) = 0*v - 2*v**2 + 3*v**2 - 5*v - 13. Let b(u) = 895*u + 76977. Let a be b(-86). What is o(a)?
1
Let p(c) be the third derivative of 5/6*c**3 + 3/8*c**4 - 1/30*c**5 - 132*c**2 - c + 0. Give p(7).
-30
Let a(o) = 6*o + 2. Let s(z) = -7*z - 1. Let j(c) = 5*a(c) + 4*s(c). Let r = -75 + 93. Suppose r*m = -101 - 43. Determine j(m).
-10
Let p(w) = w**3 - 15*w**2 + 2*w - 33. Let g be p(15). Let q be (-6 + 3)/g*(0 + -6). Let h(c) = -c - 2. Calculate h(q).
4
Let p = -47 - -50. Let t be 1 + p + (-1 - -5). Let z(m) = 3*m - 2 - 3 + 5*m - m**2. What is z(t)?
-5
Let f(c) = -8*c - 3. Let z be f(-2). Let o(t) be the second derivative of -t**5/20 + t**4 + 7*t**3/3 - 9*t**2/2 + 1434*t. Ca